ed by 2270?
2
Calculate the remainder when 2475 is divided by 802.
69
What is the remainder when 1113896 is divided by 12?
8
What is the remainder when 64394 is divided by 135?
134
What is the remainder when 15573 is divided by 7604?
365
Calculate the remainder when 105 is divided by 37.
31
Calculate the remainder when 46304 is divided by 15378.
170
Calculate the remainder when 10164 is divided by 8.
4
What is the remainder when 24359 is divided by 26?
23
What is the remainder when 25548 is divided by 146?
144
What is the remainder when 2567 is divided by 113?
81
What is the remainder when 259 is divided by 140?
119
What is the remainder when 964321 is divided by 547?
507
What is the remainder when 23130 is divided by 96?
90
Calculate the remainder when 9238 is divided by 15.
13
Calculate the remainder when 6376 is divided by 877.
237
What is the remainder when 26646 is divided by 130?
126
What is the remainder when 1459267 is divided by 26?
17
Calculate the remainder when 599089 is divided by 20658.
7
Calculate the remainder when 3476717 is divided by 52.
49
Calculate the remainder when 69179 is divided by 1048.
11
What is the remainder when 24739 is divided by 89?
86
Calculate the remainder when 2280 is divided by 53.
1
Calculate the remainder when 3684 is divided by 561.
318
What is the remainder when 3662 is divided by 119?
92
Calculate the remainder when 100274 is divided by 43.
41
What is the remainder when 601 is divided by 78?
55
What is the remainder when 117810 is divided by 64?
50
Calculate the remainder when 26527 is divided by 693.
193
Calculate the remainder when 9506 is divided by 396.
2
Calculate the remainder when 16768 is divided by 63.
10
What is the remainder when 81072 is divided by 27021?
9
Calculate the remainder when 16292 is divided by 749.
563
Calculate the remainder when 4396 is divided by 1458.
22
What is the remainder when 467 is divided by 39?
38
What is the remainder when 118200 is divided by 1066?
940
Calculate the remainder when 2135 is divided by 547.
494
What is the remainder when 7549 is divided by 60?
49
What is the remainder when 5038 is divided by 710?
68
Calculate the remainder when 341314 is divided by 18.
16
What is the remainder when 252243 is divided by 65?
43
What is the remainder when 4625 is divided by 2047?
531
Calculate the remainder when 5451 is divided by 682.
677
Calculate the remainder when 19272 is divided by 63.
57
What is the remainder when 68903 is divided by 1231?
1198
Calculate the remainder when 69890 is divided by 69860.
30
What is the remainder when 540 is divided by 315?
225
Calculate the remainder when 2579065 is divided by 15.
10
What is the remainder when 52529 is divided by 112?
1
What is the remainder when 28831 is divided by 34?
33
Calculate the remainder when 355926 is divided by 1299.
0
Calculate the remainder when 1503 is divided by 345.
123
What is the remainder when 106395 is divided by 9?
6
What is the remainder when 19857 is divided by 288?
273
What is the remainder when 2866 is divided by 771?
553
Calculate the remainder when 1581 is divided by 93.
0
Calculate the remainder when 8377 is divided by 254.
249
What is the remainder when 3925 is divided by 162?
37
Calculate the remainder when 42484 is divided by 2.
0
What is the remainder when 195772 is divided by 73?
59
Calculate the remainder when 33779 is divided by 122.
107
What is the remainder when 4195 is divided by 523?
11
What is the remainder when 1703 is divided by 283?
5
Calculate the remainder when 2803 is divided by 77.
31
What is the remainder when 4605 is divided by 381?
33
What is the remainder when 3078 is divided by 657?
450
What is the remainder when 387161 is divided by 1308?
1301
Calculate the remainder when 89490 is divided by 1403.
1101
What is the remainder when 47134 is divided by 15709?
7
What is the remainder when 12077 is divided by 2009?
23
What is the remainder when 380603 is divided by 3253?
2
What is the remainder when 25836 is divided by 2338?
118
What is the remainder when 1116 is divided by 53?
3
Calculate the remainder when 17452 is divided by 17430.
22
What is the remainder when 33329 is divided by 165?
164
Calculate the remainder when 719523 is divided by 17.
15
What is the remainder when 12833 is divided by 586?
527
What is the remainder when 247733 is divided by 179?
176
What is the remainder when 1232 is divided by 203?
14
What is the remainder when 9763 is divided by 222?
217
Calculate the remainder when 103227 is divided by 131.
130
Calculate the remainder when 26444 is divided by 152.
148
Calculate the remainder when 974 is divided by 118.
30
Calculate the remainder when 249 is divided by 26.
15
Calculate the remainder when 34683 is divided by 11556.
15
Calculate the remainder when 2185 is divided by 364.
1
Calculate the remainder when 9139 is divided by 9116.
23
What is the remainder when 11718 is divided by 17?
5
Calculate the remainder when 5213 is divided by 231.
131
Calculate the remainder when 570075 is divided by 17.
14
What is the remainder when 943 is divided by 139?
109
What is the remainder when 541073 is divided by 29?
20
What is the remainder when 12669 is divided by 146?
113
What is the remainder when 13097 is divided by 2615?
22
Calculate the remainder when 98498 is divided by 323.
306
What is the remainder when 6583960 is divided by 66?
64
What is the remainder when 1856 is divided by 1821?
35
What is the remainder when 526088 is divided by 65759?
16
Calculate the remainder when 9375 is divided by 8644.
731
Calculate the remainder when 22186 is divided by 1353.
538
What is the remainder when 108973 is divided by 110?
73
What is the remainder when 364010 is divided by 214?
210
Calculate the remainder when 100216 is divided by 61.
54
What is the remainder when 2552674 is divided by 2?
0
What is the remainder when 118183 is divided by 36?
31
Calculate the remainder when 45317 is divided by 2059.
19
What is the remainder when 420002 is divided by 1597?
1588
Calculate the remainder when 61799 is divided by 12351.
44
What is the remainder when 502739 is divided by 399?
398
What is the remainder when 99723 is divided by 40?
3
Calculate the remainder when 223492 is divided by 364.
360
What is the remainder when 12730 is divided by 2105?
100
What is the remainder when 1953 is divided by 1937?
16
Calculate the remainder when 278589 is divided by 19.
11
Calculate the remainder when 1974 is divided by 26.
24
Calculate the remainder when 65934 is divided by 4708.
22
What is the remainder when 29758 is divided by 320?
318
What is the remainder when 430327 is divided by 23?
20
Calculate the remainder when 17393 is divided by 736.
465
What is the remainder when 147907 is divided by 36974?
11
What is the remainder when 2950 is divided by 35?
10
What is the remainder when 336 is divided by 61?
31
Calculate the remainder when 1295 is divided by 30.
5
What is the remainder when 64767 is divided by 34?
31
What is the remainder when 62005 is divided by 7?
6
Calculate the remainder when 557611 is divided by 1102.
1101
Calculate the remainder when 251632 is divided by 133.
129
What is the remainder when 1085 is divided by 13?
6
Calculate the remainder when 3778 is divided by 54.
52
What is the remainder when 17096 is divided by 349?
344
What is the remainder when 1136779 is divided by 10?
9
Calculate the remainder when 30123 is divided by 15055.
13
What is the remainder when 1029822 is divided by 609?
3
Calculate the remainder when 2054686 is divided by 19.
7
Calculate the remainder when 33137 is divided by 29.
19
Calculate the remainder when 257237 is divided by 11692.
13
What is the remainder when 51443 is divided by 118?
113
What is the remainder when 13125 is divided by 6551?
23
Calculate the remainder when 10512 is divided by 27.
9
What is the remainder when 24289 is divided by 12140?
9
What is the remainder when 3308204 is divided by 12?
8
Calculate the remainder when 7188 is divided by 68.
48
Calculate the remainder when 74885 is divided by 2991.
110
What is the remainder when 2387 is divided by 925?
537
Calculate the remainder when 74698 is divided by 900.
898
What is the remainder when 17572 is divided by 283?
26
Calculate the remainder when 350977 is divided by 18.
13
Wha